me factors of 279006?
2, 3, 7, 13, 73
List the prime factors of 19177688.
2, 19, 281, 449
What are the prime factors of 11049898?
2, 17, 324997
List the prime factors of 5906462.
2, 2953231
What are the prime factors of 98549?
11, 17, 31
What are the prime factors of 10023943?
31, 53, 6101
List the prime factors of 197463.
3, 7, 9403
List the prime factors of 4857563.
17, 163, 1753
What are the prime factors of 4551758?
2, 2275879
What are the prime factors of 133169?
133169
List the prime factors of 2963660.
2, 5, 7, 21169
What are the prime factors of 378313?
13, 29101
What are the prime factors of 3593499?
3, 7, 13, 13163
List the prime factors of 3704668.
2, 11, 269, 313
What are the prime factors of 15764?
2, 7, 563
List the prime factors of 85285.
5, 37, 461
What are the prime factors of 11199321?
3, 7, 23, 59, 131
What are the prime factors of 10988098?
2, 11, 499459
List the prime factors of 2036875.
5, 3259
What are the prime factors of 315378?
2, 3, 7, 2503
What are the prime factors of 1342596?
2, 3, 53, 2111
What are the prime factors of 982992?
2, 3, 20479
What are the prime factors of 518682?
2, 3, 137, 631
What are the prime factors of 215542?
2, 47, 2293
What are the prime factors of 11823223?
1877, 6299
What are the prime factors of 1360028?
2, 340007
List the prime factors of 6074490.
2, 3, 5, 19, 10657
List the prime factors of 971241.
3, 43, 7529
List the prime factors of 3777533.
211, 17903
List the prime factors of 6807923.
6807923
List the prime factors of 660810.
2, 3, 5, 22027
List the prime factors of 5352406.
2, 71, 37693
List the prime factors of 6693772.
2, 317, 5279
List the prime factors of 3918368.
2, 122449
What are the prime factors of 1508007?
3, 502669
List the prime factors of 15036865.
5, 3007373
What are the prime factors of 8446315?
5, 1689263
What are the prime factors of 426325?
5, 17053
What are the prime factors of 508205?
5, 101641
What are the prime factors of 2091608?
2, 261451
List the prime factors of 536654.
2, 151, 1777
List the prime factors of 5857443.
3, 650827
What are the prime factors of 10184?
2, 19, 67
What are the prime factors of 3973648?
2, 7, 17, 2087
What are the prime factors of 1297190?
2, 5, 129719
List the prime factors of 248520.
2, 3, 5, 19, 109
What are the prime factors of 107978?
2, 13, 4153
What are the prime factors of 13482670?
2, 5, 53, 25439
List the prime factors of 21219530.
2, 5, 311, 6823
What are the prime factors of 429684?
2, 3, 61, 587
List the prime factors of 11453956.
2, 29, 293, 337
What are the prime factors of 319362?
2, 3, 17, 31, 101
List the prime factors of 18047.
18047
What are the prime factors of 1374882?
2, 3, 43, 73
What are the prime factors of 150442?
2, 19, 37, 107
List the prime factors of 17833.
17, 1049
List the prime factors of 771323.
7, 251, 439
What are the prime factors of 677238?
2, 3, 41, 2753
List the prime factors of 2111313.
3, 601, 1171
What are the prime factors of 2271716?
2, 19, 71, 421
List the prime factors of 8405888.
2, 17, 3863
List the prime factors of 346528.
2, 7, 13, 17
List the prime factors of 11499174.
2, 3, 17, 37579
What are the prime factors of 1510402?
2, 179, 4219
List the prime factors of 1475158.
2, 17, 43, 1009
What are the prime factors of 3385778?
2, 11, 67, 2297
List the prime factors of 654120.
2, 3, 5, 23, 79
What are the prime factors of 1307294?
2, 653647
List the prime factors of 248770.
2, 5, 24877
What are the prime factors of 239006?
2, 119503
What are the prime factors of 142457?
7, 47, 433
What are the prime factors of 85684?
2, 31, 691
What are the prime factors of 1942680?
2, 3, 5, 16189
What are the prime factors of 608522?
2, 41, 181
List the prime factors of 331184.
2, 7, 2957
List the prime factors of 173577.
3, 57859
List the prime factors of 3503304.
2, 3, 7, 331
What are the prime factors of 43601?
59, 739
List the prime factors of 2949758.
2, 7, 109, 1933
What are the prime factors of 8806763?
7, 1258109
What are the prime factors of 34233443?
1451, 23593
List the prime factors of 1029095.
5, 17, 12107
List the prime factors of 182037.
3, 60679
List the prime factors of 277773.
3, 53, 1747
What are the prime factors of 181460?
2, 5, 43, 211
What are the prime factors of 1415383?
61, 23203
List the prime factors of 15938.
2, 13, 613
What are the prime factors of 31524?
2, 3, 37, 71
List the prime factors of 9330999.
3, 131, 23743
What are the prime factors of 107077?
107077
What are the prime factors of 17580216?
2, 3, 732509
List the prime factors of 142566.
2, 3, 23761
What are the prime factors of 9009166?
2, 97, 46439
List the prime factors of 9358845.
3, 5, 623923
List the prime factors of 388395.
3, 5, 7, 137
List the prime factors of 2315713.
1321, 1753
What are the prime factors of 420986?
2, 37, 5689
List the prime factors of 392086.
2, 196043
What are the prime factors of 3777251?
113, 33427
What are the prime factors of 612088?
2, 76511
What are the prime factors of 26644813?
13, 59, 34739
List the prime factors of 13763743.
7, 67, 29347
What are the prime factors of 13650216?
2, 3, 607, 937
List the prime factors of 5587558.
2, 19, 71, 109
What are the prime factors of 3030693?
3, 631, 1601
List the prime factors of 14741979.
3, 7, 151, 4649
List the prime factors of 12085.
5, 2417
List the prime factors of 21007816.
2, 2625977
What are the prime factors of 1413303?
3, 471101
List the prime factors of 1406390.
2, 5, 140639
List the prime factors of 27932426.
2, 31, 14533
List the prime factors of 91678.
2, 23, 1993
List the prime factors of 4752858.
2, 3, 11, 23, 31, 101
What are the prime factors of 5392824?
2, 3, 37, 6073
What are the prime factors of 109295?
5, 21859
List the prime factors of 23410746.
2, 3, 1300597
What are the prime factors of 1361801?
7, 194543
List the prime factors of 943640.
2, 5, 31, 761
What are the prime factors of 1068535?
5, 13, 17, 967
What are the prime factors of 1485252?
2, 3, 41257
What are the prime factors of 6051696?
2, 3, 7, 31, 83
What are the prime factors of 197659?
7, 11, 17, 151
List the prime factors of 315213.
3, 105071
List the prime factors of 43450373.
59, 736447
List the prime factors of 37685.
5, 7537
What are the prime factors of 11472683?
11472683
What are the prime factors of 659217?
3, 13, 16903
List the prime factors of 1241381.
1241381
List the prime factors of 104048.
2, 7, 929
What are the prime factors of 404186?
2, 61, 3313
What are the prime factors of 2679855?
3, 5, 19, 9403
List the prime factors of 1314623.
877, 1499
What are the prime factors of 167303?
293, 571
What are the prime factors of 103854?
2, 3, 19, 911
What are the prime factors of 276574?
2, 61, 2267
List the prime factors of 1888558.
2, 7, 2753
What are the prime factors of 227726?
2, 31, 3673
What are the prime factors of 32318157?
3, 859, 12541
List the prime factors of 4517170.
2, 5, 7, 47, 1373
List the prime factors of 6351325.
5, 254053
List the prime factors of 12487076.
2, 7, 445967
List the prime factors of 6292583.
11, 572053
What are the prime factors of 1805930?
2, 5, 7, 25799
List the prime factors of 45007.
45007
What are the prime factors of 1733167?
17, 269, 379
What are the prime factors of 120843?
3, 29, 463
What are the prime factors of 255927?
3, 7, 1741
What are the prime factors of 81033?
3, 27011
List the prime factors of 2748230.
2, 5, 41, 6703
What are the prime factors of 655576?
2, 19, 227
What are the prime factors of 104109?
3, 34703
What are the prime factors of 1698176?
2, 13267
What are the prime factors of 2799877?
139, 20143
What are the prime factors of 21210780?
2, 3, 5, 337, 1049
List the prime factors of 89588.
2, 22397
List the prime factors of 2501416.
2, 312677
What are the prime factors of 9184527?
3, 11, 113, 821
What are the prime factors of 108109?
108109
List the prime factors of 55252.
2, 19, 727
List the prime factors of 6352947.
3, 705883
List the prime factors of 16253282.
2, 29, 280229
What are the prime factors of 206798?
2, 103399
List the prime factors of 727037.
79, 9203
What are the prime factors of 797519?
727, 1097
What are the prime factors of 397071?
3, 44119
What are the prime factors of 344688?
2, 3, 43, 167
List the prime factors of 21897010.
2, 5, 109, 20089
List the prime fa